f(g) = -2*g - 29. Let h be f(-19). What is the greatest common divisor of 12 and h?
3
Let a(j) = j**2 - j - 11. Let h be a(0). Let i = h + 27. Let u = 16 + i. Calculate the highest common divisor of 80 and u.
16
Let n = 205 - 130. Let p = n - 46. What is the greatest common factor of 58 and p?
29
Suppose 32*c = -30*c + 128402. What is the greatest common factor of 19 and c?
19
Suppose -46*d + 29*d = -17. Calculate the greatest common factor of d and 1.
1
Suppose 959 = 3*w - f, 5*w + 2*f = w + 1282. Let z be ((-1)/(1 + -2))/(16/w). Calculate the highest common divisor of 40 and z.
20
Let w = 2667 + -2651. Calculate the highest common divisor of 136 and w.
8
Let k = 108 - 103. Suppose r - 3*b - 53 = -r, -k*r + b = -152. Let f be (1 - -1)/((-4)/(-310)). Calculate the highest common divisor of r and f.
31
Suppose -10 + 23 = y. What is the highest common factor of y and 39?
13
Let n = 589 - 554. Calculate the greatest common factor of 20 and n.
5
Let a(d) = 28*d - 251. Let r be a(46). Calculate the greatest common factor of r and 17.
17
Let i(w) = w**3 - 28*w**2 - 14*w - 3. Let h be i(29). What is the greatest common factor of 162 and h?
54
Suppose 154 - 58 = -2*x. Let n = x - -96. Let q be 4672/n - 8/6. Calculate the greatest common factor of 12 and q.
12
Suppose -107*o = -92*o - 2970. Calculate the greatest common factor of 27 and o.
9
Suppose 1 = -3*v + 7, 4*j + v - 1774 = 0. Suppose -86 + j = 3*p. Suppose 0 = 52*a - 53*a + 17. What is the highest common divisor of a and p?
17
Let n = -18 - -21. Let p = 1 - n. Let b = p + 5. Calculate the highest common divisor of b and 24.
3
Let a = 23 + 33. Suppose -a = -4*z + 56. Calculate the greatest common factor of z and 14.
14
Suppose 5*b + 0*c - 165 = -3*c, -2*b = c - 67. What is the greatest common factor of b and 28?
4
Suppose 94 = -6*i + 274. What is the highest common divisor of 10 and i?
10
Suppose 12*i = 605 - 125. What is the greatest common factor of i and 136?
8
Suppose 7*j = 5*j - 3*i + 27, -5*j + i + 76 = 0. Calculate the highest common factor of 155 and j.
5
Suppose 30*l - 2290 = -5*b + 25*l, 912 = 2*b + 3*l. What is the highest common divisor of b and 168?
42
Let n = -1573 - -1615. Calculate the highest common divisor of 308 and n.
14
Let i = -34 - -58. Suppose -12*m + 18 = -6*m. Calculate the highest common divisor of m and i.
3
Let z = -164 - -420. Let t(k) = 32*k**3 - k + 1. Let f be t(1). What is the greatest common divisor of f and z?
32
Let q = 354 + -270. Calculate the greatest common divisor of 21 and q.
21
Suppose -2*p + 7776 = -f, 0 = 16*f - 20*f. Calculate the greatest common factor of p and 16.
16
Suppose -495 = 18*k - 63*k. What is the greatest common divisor of k and 1661?
11
Suppose 0 = -5*t, -o + 5*t + 4 = -0. Suppose 0 = 4*l - 4, 2*d + 86 = -0*d - o*l. Let q be d/60*(-88)/6. Calculate the greatest common factor of 44 and q.
11
Let i be 111/6 + 4*(-3)/(-24). What is the highest common divisor of 304 and i?
19
Let l be (2 - 80/12)*(-930)/20. Calculate the highest common factor of 248 and l.
31
Let v(d) = 4*d**2 - 129*d - 43. Let x be v(43). Calculate the greatest common factor of x and 14.
14
Let o(p) be the first derivative of 85*p**2/2 - 6*p - 1. Let j be o(6). Suppose 0 = -3*u - 0*u + j. Calculate the highest common factor of u and 21.
21
Let c(n) = -11*n - 14*n + 42 - 32. Let x be c(-8). What is the highest common divisor of x and 30?
30
Let d be (-3)/(-3) - 0/2. Suppose -4 = -t - d. Suppose 0 = -m + 3*l + 6, -t*l + 12 = m - 0. Calculate the greatest common factor of 99 and m.
9
Let r be ((-8600)/125)/(4/10*-1). Calculate the highest common divisor of 215 and r.
43
Let c be -2*(-1)/(-6)*0. Suppose c = 2*x + 8, 4*n - 60 = 3*x - 0*x. Let w be -2 + n/4 + 174. Calculate the highest common divisor of 25 and w.
25
Suppose l - 34 = -4*h + h, 0 = -2*h - 2*l + 20. Let w be (-26)/((-8)/h*3). What is the greatest common factor of w and 65?
13
Let s be 1/13 + 1746/117. Let d be 1/((-8)/10 + 1). Calculate the highest common factor of s and d.
5
Let a be (4/10)/((-8)/(-600)) - -2. Calculate the highest common factor of a and 56.
8
Let s be 2 - (-13 + 7)*2/3. Let x = -16 - -82. What is the greatest common factor of s and x?
6
Let v(j) = -j + 24. Let l(n) = 5. Let p(t) = 11*l(t) - 2*v(t). Let s be p(-7). Let y be (-3)/s - 4/(-7). Calculate the highest common divisor of 8 and y.
1
Suppose 0 = 5*k - 2*w - 76, -12 - 26 = -3*k + 5*w. Let i = -29 + 61. What is the greatest common divisor of i and k?
16
Let f(w) = -3*w - 15. Let y be f(-11). Let n = -38 - -32. Let s be 8/n + 278/6. What is the highest common factor of s and y?
9
Suppose 2 + 2 = 2*u + y, -3*u = -2*y + 8. Suppose a + k - 6 = u, -3*a - 2*a + 28 = 4*k. Calculate the greatest common factor of a and 2.
2
Suppose -g + 307 = w, -5*w + 5*g = g - 1580. What is the highest common factor of 24 and w?
24
Suppose 0*l = 4*l + 20, 50 = w - 4*l. Let o = w - 17. Let m be 0 + 105 + 2 + -1 + -2. Calculate the highest common factor of m and o.
13
Let x be 3 - 1/(0 - (4 - 3)). What is the highest common divisor of 28 and x?
4
Let m be 3 - 3/1 - 81/(-1). Let y = m - 65. Calculate the highest common divisor of y and 16.
16
Let x be (27/18)/(2 + (-235)/116). Let t = 98 + x. Calculate the greatest common divisor of 200 and t.
40
Let t = 60 + 24. What is the highest common factor of 12 and t?
12
Let t(c) = -c**3 - 15*c**2 + c + 20. Let b be t(-15). Suppose -96 = 3*y - b*y. Suppose 10*u = 346 - 26. What is the greatest common divisor of y and u?
16
Let t(j) = -2*j**2 - 29*j - 5. Let n be t(-13). What is the highest common factor of 34 and n?
34
Suppose 4*b - 20 = -3*t - t, 5*t = -4*b + 25. Suppose -t*g = -4*g - 1. Suppose -37 = -4*c - c - r, -r + 21 = 3*c. What is the highest common factor of g and c?
1
Suppose -2*k + 4*p + 300 = 0, 3*p + 444 = -4*k + 7*k. What is the highest common factor of k and 2117?
73
Suppose 28*h - 1709 - 2099 = 0. What is the highest common factor of h and 17?
17
Let p = 41 + -29. Suppose -4*s + 197 = u, -4*s + 228 = 5*u + 11. Calculate the highest common divisor of p and s.
12
Suppose 4*l - 213 = -5*o, 10 = -4*l + o + 217. What is the highest common divisor of l and 8?
4
Let m be 40/((-660)/(-160) - (3 - -1)). Suppose t = -5*j + 64, -5*t + m = -j + 3*j. What is the greatest common divisor of 8 and t?
8
Let n(f) = f**3 - 3*f**2 + 1. Let k be (-1)/8*-2 + 195/52. Let q be n(k). Calculate the greatest common divisor of q and 34.
17
Let g = 167 - 83. Suppose -4*o - 4*y = -36, 0 = -5*o + 3*y - 4*y + 25. Let h be (1 - 0) + 16*1 + o. Calculate the highest common divisor of g and h.
21
Let o be 57 - (-1 + 2)*-3. Suppose -2*f = -0*u + u - o, 0 = -5*f + 15. Calculate the greatest common factor of 135 and u.
27
Let f be (-2)/6*(-21)/14*6. Suppose -p = f*p - 188. Calculate the greatest common divisor of 329 and p.
47
Suppose 3*g - 2*g - 4 = 2*a, -46 = -4*g + 2*a. What is the highest common divisor of g and 147?
7
Let f = 59 + -17. Let w = 7321 + -7258. What is the greatest common divisor of w and f?
21
Suppose -2*v - p - 23 = -66, v - 14 = 2*p. Calculate the highest common divisor of 210 and v.
10
Let y = -25 + 69. Let w be 16/(-6)*(3 + 18/(-4)). Suppose -w = -s - 0. What is the highest common factor of y and s?
4
Let n = -464 + 683. What is the highest common divisor of 73 and n?
73
Let p = 21 - 9. Let w = 150 + -102. What is the greatest common divisor of w and p?
12
Let b = 193 - 167. Let f = 24 + -11. What is the highest common factor of f and b?
13
Suppose -l = -5*f + 16, 0 = -0*f + f + 2*l - 1. Suppose 5*p + 20 = -3*t + 26, 0 = -p. What is the greatest common divisor of t and f?
1
Suppose 2*s = 16 + 30. Let f = s + -12. Calculate the highest common factor of f and 55.
11
Let q be -34*25/10 - -5. Let v = q - -90. What is the greatest common divisor of 8 and v?
2
Let l be ((-432)/60)/(7/(70/(-4))). Suppose 4*z - 30 = -2. Suppose -z - 17 = -4*q. What is the greatest common factor of q and l?
6
Let j be (35/3)/(((-10)/12)/(-5)). What is the highest common factor of 80 and j?
10
Suppose 15*d = 13*d + 8. Suppose 346 + 118 = d*z. What is the greatest common divisor of 29 and z?
29
Let r be (4/1)/((-3)/24). Let v = r + 11. Let p = -9 - v. What is the highest common divisor of p and 36?
12
Let p = 17 + -15. Suppose 5*t + 3*s - 16 = 0, t - 